{"id":12209,"date":"2023-08-19T17:13:32","date_gmt":"2023-08-19T15:13:32","guid":{"rendered":"https:\/\/przemysldrzewny.eu\/?post_type=product&#038;p=12209"},"modified":"2023-12-10T20:19:29","modified_gmt":"2023-12-10T19:19:29","slug":"przemysl-drzewny-researchdevelopment-nr-3-2023-wydanie-drukowane","status":"publish","type":"product","link":"https:\/\/przemysldrzewny.eu\/index.php\/produkt\/przemysl-drzewny-researchdevelopment-nr-3-2023-wydanie-drukowane\/","title":{"rendered":"Przemys\u0142 Drzewny. Research&#038;Development nr 3\/2023 &#8211; wydanie drukowane"},"content":{"rendered":"<p>Przemys\u0142 drzewny to kwartalnik dla sektora le\u015bno-drzewnego. Bran\u017ca drzewna i jej ga\u0142\u0119zie: tartacznictwo, meblarstwo. produkcja stolarki otworowej, p\u0142yty drewnopochodne &#8211; to g\u0142owni czytelnicy naszego czasopisma. W numerze 3\/2023\u00a0 znajduj\u0105 si\u0119 unikalne raporty analizy rynku i\u00a0 prognozy. Polecamy analizy bran\u017cy meblarskiej, tartacznej, p\u0142yt drewnopochodnych Ponadto informacje o nowych inwestycjach, budowanych zak\u0142adach w Polsce i na \u015bwiecie.<\/p>\n<p>Spis tre\u015bci:<\/p>\n<h4>INWESTYCJE W\u00a0POL<\/h4>\n<p>8 Go\u015bcierad\u00f3w: Erkado inwestuje 90 mln w\u00a0centrum B+R<br \/>\n8 D\u0105browa G\u00f3rnicza: Jass Board wyprodukuje wi\u0119cej tektury falistej<br \/>\n9 W\u00f3lka Tanewska: Meble Wr\u00f3bel ze wsparciem na automatyzacj\u0119 produkcji<br \/>\n9 Ostro\u0142\u0119ka: Stora Enso i Tetra Pak \u0142\u0105cz\u0105 si\u0142y w\u00a0recyklingu zu\u017cytych karton\u00f3w po napojach<br \/>\n9 Warszawa: SGGW b\u0119dzie wykonywa\u0142a us\u0142ugowo analiz\u0119 biomasy<br \/>\n10 Oborniki: Fabryka Slonawy kupiona przez zagranicznego inwestora<br \/>\n10 Kartoszyno: Porta KMI Poland wznowi produkcj\u0119 w\u00a0zlikwidowanym zak\u0142adzie<br \/>\n10 Skindzierz: Konar otrzyma\u0142 2,3 mln z\u0142 dotacji na wdro\u017cenie nowego produktu<br \/>\n10 Szczytno: GTV rozbuduje zak\u0142ad i wybuduje now\u0105 hal\u0119 produkcyjn\u0105<br \/>\n11 Pisz: Paged LabTech ma nowoczesn\u0105 siedzib\u0119 do testowania innowacji<br \/>\n12 ZE \u015a WI ATA<br \/>\n12 Wielka Brytania: Ponowne otwarcie fabryki konstrukcji drewnianych<br \/>\n12 Indie: Sudama Wood Panel zam\u00f3wi\u0142 lini\u0119 do produkcji MDF<br \/>\n12 Egipt: W 2025 r. ruszy produkcja MDF z li\u015bci palmy daktylowej<br \/>\n12 Niemcy: Weinig przejmie 50% udzia\u0142\u00f3w Essetre<br \/>\n13 Finlandia: Rekordowy wzrost wolumenu obrotu drewnem<br \/>\n13 Szwecja: Mets\u00e4 Wood dostarcza LVL na wie\u017ce turbin wiatrowych<br \/>\n14 Niemcy: Optymalizacja pozyskiwania drewna nowoczesnymi metodami korowania<\/p>\n<p>14 Unia Europejska: Po\u0142ow\u0119 ni\u017csze limity st\u0119\u017cenia formaldehydu<br \/>\n14 Niemcy: Grupa Kingspan z wi\u0119kszo\u015bci\u0105 udzia\u0142\u00f3w Steico SE<br \/>\n15 Australia: Granice dla eksportu drewna do Chin zosta\u0142y otwarte<br \/>\n16 Kanada: Kolejna inwestycja w nowoczesne budownictwo drewniane<br \/>\n16 Szwecja: Bergs Timber przejmuje Hedlunda Holding AB<br \/>\n16 Finlandia: Koskisen uruchomi\u0142 nowoczesn\u0105 lini\u0119 tartaczn\u0105<br \/>\n17 Niderlandy: Stora Enso odsprzeda oddzia\u0142 produkt\u00f3w drewnianych DIY<br \/>\n17 Szwecja: Bergs Timber przejmuje Hedlunda Holding AB<br \/>\n18 Niemcy: Jak znaturalizowa\u0107 plantacje le\u015bne?<br \/>\n19 Austria: Starbag wchodzi w bran\u017c\u0119 budownic- twa drewnianego<br \/>\n20 INWESTYCJE<br \/>\nSiedmiopoziomowy zak\u0142ad produkcji CLT. Odpowied\u017a na nowe wyzwania logistyczne<br \/>\n24 EKONOMIA<br \/>\nCzy uratuje nas krajowa konsumpcja?<br \/>\n28 RYNEK SUROWCA<br \/>\n28 Ceny drewna w Europie t\u0105pn\u0119\u0142y. W Polsce ci\u0105gn\u0105 przemys\u0142 na dno<br \/>\n34 Drewno z Rosji i Bia\u0142orusi wci\u0105\u017c kr\u0105\u017cy po \u015bwiecie<br \/>\n38 TARTACZ NICTW O<br \/>\n38-41 Tartak Siemian\u00f3wka \u2013 tam, gdzie dzi\u015b ko\u0144czy si\u0119 Europa<\/p>\n<p>42WYW I AD<br \/>\nFSC wa\u017cne dla przemys\u0142u. Rozmowa z\u00a0Karolin\u0105 Tymorek, dyrektork\u0105 FSC w Polsce<br \/>\n48 BUDOWNICTWO DREWNIANE<br \/>\nBIM w praktyce wykonawczej<br \/>\n54 AUTOMATYZACJA<br \/>\nRobot pakuj\u0105cy z\u00a0okiem Horusa<br \/>\n56 MEBLARSTWO<br \/>\nZatory p\u0142atnicze w bran\u017cy meblarskiej przekroczy\u0142y 100 mln z\u0142<br \/>\n64 INNOWACJE<br \/>\n64 CNC AXYZ WOODWORKER: Rewolucyjne rozwi\u0105zanie dla produkcji wielkoseryjnej<br \/>\nw przemy\u015ble drzewnym<br \/>\n66 P\u0142yty drewnopochodne przechodz\u0105 na kleje biologiczne<br \/>\n72 P\u0141YTY DREWNOPOCHODNE<br \/>\nNowe fabryki p\u0142yt lokowane s\u0105 poza Polsk\u0105<br \/>\n74 WYDARZENIA<br \/>\nDREMA 2023 \u2013 DOBRY KIERUNEK<br \/>\n76 GATUNKI DREWNA<br \/>\nGrab zwyczajny \u2013 europejskie drewno<\/p>\n","protected":false},"excerpt":{"rendered":"<p>Przemys\u0142 drzewny to kwartalnik dla sektora le\u015bno-drzewnego. Bran\u017ca drzewna i jej ga\u0142\u0119zie: tartacznictwo, meblarstwo. produkcja stolarki otworowej, p\u0142yty drewnopochodne &#8211; to g\u0142owni czytelnicy naszego czasopisma. W numerze 2\/2023 znajd\u0105 unikalny raport palet drewnianych w Polsce, analizy rynku, w tym prognozy dla cen surowca drzewnego. Polecamy analizy rynku stolarki budowlanejoraz bran\u017cy meblarskiej.\u00a0 Ponadto informacje o nowych inwestycjach, budowanych zak\u0142adach w Polsce i na \u015bwiecie.<\/p>\n","protected":false},"featured_media":12206,"template":"","meta":[],"product_brand":[],"product_cat":[415,418],"product_tag":[396,446,448,444,411,447],"class_list":{"0":"post-12209","1":"product","2":"type-product","3":"status-publish","4":"has-post-thumbnail","6":"product_cat-wydania-elektroniczne","7":"product_cat-kwartalnik","8":"product_tag-budownictwo-drewniane","9":"product_tag-ceny-drewna","10":"product_tag-mayr-melnhof","11":"product_tag-meblarstwo","12":"product_tag-przemysldrzewny","13":"product_tag-tartak-siemianowka","14":"product_shipping_class-pojedyncze-wydanie","16":"first","17":"instock","18":"shipping-taxable","19":"purchasable","20":"product-type-simple"},"jetpack_likes_enabled":true,"jetpack_sharing_enabled":true,"jetpack-related-posts":[{"id":11593,"url":"https:\/\/przemysldrzewny.eu\/index.php\/produkt\/przemysl-drzewny-researchdevelopment-nr-4-2022-wydanie-elektroniczne\/","url_meta":{"origin":12209,"position":0},"title":"Przemys\u0142 Drzewny. Research&#038;Development nr 4\/2022 &#8211; wydanie elektroniczne","author":"forestor","date":"22 listopada 2022","format":false,"excerpt":"Przemys\u0142 drzewny to kwartalnik dla sektora le\u015bno-drzewnego. Bran\u017ca drzewna i jej ga\u0142\u0119zie: tartacznictwo, meblarstwo. produkcja stolarki otworowej, p\u0142yty drewnopochodne - to g\u0142owni czytelnicy naszego czasopisma. W numerze 4\/2022 znajd\u0105 unikalny raport najwi\u0119kszych tartak\u00f3w w Polsce, analizy rynku, w tym prognozy dla cen surowca drzewnego. Polecamy analizy rynku p\u0142yt drewnopochodnych oraz\u2026","rel":"","context":"Podobny wpis","block_context":{"text":"Podobny wpis","link":""},"img":{"alt_text":"","src":"https:\/\/i0.wp.com\/przemysldrzewny.eu\/wp-content\/uploads\/2022\/11\/PD_04_2022_OKLADKA.jpg?fit=848%2C1200&ssl=1&resize=350%2C200","width":350,"height":200,"srcset":"https:\/\/i0.wp.com\/przemysldrzewny.eu\/wp-content\/uploads\/2022\/11\/PD_04_2022_OKLADKA.jpg?fit=848%2C1200&ssl=1&resize=350%2C200 1x, https:\/\/i0.wp.com\/przemysldrzewny.eu\/wp-content\/uploads\/2022\/11\/PD_04_2022_OKLADKA.jpg?fit=848%2C1200&ssl=1&resize=525%2C300 1.5x, https:\/\/i0.wp.com\/przemysldrzewny.eu\/wp-content\/uploads\/2022\/11\/PD_04_2022_OKLADKA.jpg?fit=848%2C1200&ssl=1&resize=700%2C400 2x"},"classes":[]},{"id":13571,"url":"https:\/\/przemysldrzewny.eu\/index.php\/produkt\/przemysl-drzewny-researchdevelopment-nr-1-2025-wydanie-elektroniczne\/","url_meta":{"origin":12209,"position":1},"title":"Przemys\u0142 Drzewny. Research&#038;Development nr 1\/2025 &#8211; wydanie elektroniczne","author":"forestor","date":"10 lutego 2025","format":false,"excerpt":"Przemys\u0142 drzewny to kwartalnik dla sektora le\u015bno-drzewnego. Bran\u017ca drzewna i jej ga\u0142\u0119zie: tartacznictwo, meblarstwo. produkcja stolarki otworowej, p\u0142yty drewnopochodne - to g\u0142owni czytelnicy naszego czasopisma. W numerze 1\/2025 znajd\u0105 raport rynku budownictwa drewnianego, prefabrykacji, stolarki otworowej, analizy rynku, w tym prognozy dla cen surowca drzewnego. Polecamy analizy cen drewna okr\u0105g\u0142ego\u2026","rel":"","context":"Podobny wpis","block_context":{"text":"Podobny wpis","link":""},"img":{"alt_text":"","src":"https:\/\/i0.wp.com\/przemysldrzewny.eu\/wp-content\/uploads\/2025\/02\/PD_01_2025_OKLADKA.jpg?fit=848%2C1200&ssl=1&resize=350%2C200","width":350,"height":200,"srcset":"https:\/\/i0.wp.com\/przemysldrzewny.eu\/wp-content\/uploads\/2025\/02\/PD_01_2025_OKLADKA.jpg?fit=848%2C1200&ssl=1&resize=350%2C200 1x, https:\/\/i0.wp.com\/przemysldrzewny.eu\/wp-content\/uploads\/2025\/02\/PD_01_2025_OKLADKA.jpg?fit=848%2C1200&ssl=1&resize=525%2C300 1.5x, https:\/\/i0.wp.com\/przemysldrzewny.eu\/wp-content\/uploads\/2025\/02\/PD_01_2025_OKLADKA.jpg?fit=848%2C1200&ssl=1&resize=700%2C400 2x"},"classes":[]},{"id":13787,"url":"https:\/\/przemysldrzewny.eu\/index.php\/produkt\/przemysl-drzewny-researchdevelopment-nr-2-2025-wydanie-elektroniczne\/","url_meta":{"origin":12209,"position":2},"title":"Przemys\u0142 Drzewny. Research&#038;Development nr 2\/2025 &#8211; wydanie elektroniczne","author":"forestor","date":"12 maja 2025","format":false,"excerpt":"Przemys\u0142 drzewny to kwartalnik dla sektora le\u015bno-drzewnego. Bran\u017ca drzewna i jej ga\u0142\u0119zie: tartacznictwo, meblarstwo. produkcja stolarki otworowej, p\u0142yty drewnopochodne - to g\u0142owni czytelnicy naszego czasopisma. W numerze 2\/2025 znajd\u0105 raport rynku rynku opakowa\u0144 drewnianych, szczeg\u00f3lnie palet, analizy rynku, w tym prognozy dla cen surowca drzewnego. Polecamy analizy cen drewna okr\u0105g\u0142ego\u2026","rel":"","context":"Podobny wpis","block_context":{"text":"Podobny wpis","link":""},"img":{"alt_text":"","src":"https:\/\/i0.wp.com\/przemysldrzewny.eu\/wp-content\/uploads\/2025\/05\/PD_02_2025_OKLADKA.jpg?fit=848%2C1200&ssl=1&resize=350%2C200","width":350,"height":200,"srcset":"https:\/\/i0.wp.com\/przemysldrzewny.eu\/wp-content\/uploads\/2025\/05\/PD_02_2025_OKLADKA.jpg?fit=848%2C1200&ssl=1&resize=350%2C200 1x, https:\/\/i0.wp.com\/przemysldrzewny.eu\/wp-content\/uploads\/2025\/05\/PD_02_2025_OKLADKA.jpg?fit=848%2C1200&ssl=1&resize=525%2C300 1.5x, https:\/\/i0.wp.com\/przemysldrzewny.eu\/wp-content\/uploads\/2025\/05\/PD_02_2025_OKLADKA.jpg?fit=848%2C1200&ssl=1&resize=700%2C400 2x"},"classes":[]},{"id":13096,"url":"https:\/\/przemysldrzewny.eu\/index.php\/produkt\/przemysl-drzewny-researchdevelopment-nr-3-2024-wydanie-elektroniczne\/","url_meta":{"origin":12209,"position":3},"title":"Przemys\u0142 Drzewny. Research&#038;Development nr 3\/2024 &#8211; wydanie elektroniczne","author":"forestor","date":"22 sierpnia 2024","format":false,"excerpt":"Przemys\u0142 drzewny to kwartalnik dla sektora le\u015bno-drzewnego. Bran\u017ca drzewna i jej ga\u0142\u0119zie: tartacznictwo, meblarstwo. produkcja stolarki otworowej, p\u0142yty drewnopochodne - to g\u0142owni czytelnicy naszego czasopisma. W numerze 3\/2024 znajd\u0105 raport rynku meblarskiego, analizy rynku, w tym prognozy dla cen surowca drzewnego. Polecamy analizy rynku pelletu oraz bran\u017cy meblarskiej.\u00a0 Ponadto informacje\u2026","rel":"","context":"Podobny wpis","block_context":{"text":"Podobny wpis","link":""},"img":{"alt_text":"","src":"https:\/\/i0.wp.com\/przemysldrzewny.eu\/wp-content\/uploads\/2024\/08\/PD_03_2024_OKLADKA-1.jpg?fit=848%2C1200&ssl=1&resize=350%2C200","width":350,"height":200,"srcset":"https:\/\/i0.wp.com\/przemysldrzewny.eu\/wp-content\/uploads\/2024\/08\/PD_03_2024_OKLADKA-1.jpg?fit=848%2C1200&ssl=1&resize=350%2C200 1x, https:\/\/i0.wp.com\/przemysldrzewny.eu\/wp-content\/uploads\/2024\/08\/PD_03_2024_OKLADKA-1.jpg?fit=848%2C1200&ssl=1&resize=525%2C300 1.5x, https:\/\/i0.wp.com\/przemysldrzewny.eu\/wp-content\/uploads\/2024\/08\/PD_03_2024_OKLADKA-1.jpg?fit=848%2C1200&ssl=1&resize=700%2C400 2x"},"classes":[]},{"id":11343,"url":"https:\/\/przemysldrzewny.eu\/index.php\/produkt\/przemysl-drzewny-3-2022-wydanie-elektroniczne\/","url_meta":{"origin":12209,"position":4},"title":"Przemys\u0142 Drzewny. Research&#038;Development nr 3\/2022 &#8211; wydanie elektroniczne","author":"forestor","date":"11 sierpnia 2022","format":false,"excerpt":"Przemys\u0142 drzewny to kwartalnik dla sektora le\u015bno-drzewnego. Bran\u017ca drzewna i jej ga\u0142\u0119zie: tartacznictwo, meblarstwo. produkcja stolarki otworowej, p\u0142yty drewnopochodne - to g\u0142owni czytelnicy naszego czasopisma. W numerze 3\/2022 znajd\u0105 unikalny raport produkcji drewna klejonego konstrukcyjnego w Polsce, analizy rynku, w tym prognozy dla cen surowca drzewnego. Polecamy felieton o wzro\u015bcie\u2026","rel":"","context":"Podobny wpis","block_context":{"text":"Podobny wpis","link":""},"img":{"alt_text":"","src":"https:\/\/i0.wp.com\/przemysldrzewny.eu\/wp-content\/uploads\/2022\/08\/PD_03_2022_OKLADKA.jpg?fit=849%2C1200&ssl=1&resize=350%2C200","width":350,"height":200,"srcset":"https:\/\/i0.wp.com\/przemysldrzewny.eu\/wp-content\/uploads\/2022\/08\/PD_03_2022_OKLADKA.jpg?fit=849%2C1200&ssl=1&resize=350%2C200 1x, https:\/\/i0.wp.com\/przemysldrzewny.eu\/wp-content\/uploads\/2022\/08\/PD_03_2022_OKLADKA.jpg?fit=849%2C1200&ssl=1&resize=525%2C300 1.5x, https:\/\/i0.wp.com\/przemysldrzewny.eu\/wp-content\/uploads\/2022\/08\/PD_03_2022_OKLADKA.jpg?fit=849%2C1200&ssl=1&resize=700%2C400 2x"},"classes":[]},{"id":12392,"url":"https:\/\/przemysldrzewny.eu\/index.php\/produkt\/przemysl-drzewny-researchdevelopment-nr-4-2023-wydanie-drukowane\/","url_meta":{"origin":12209,"position":5},"title":"Przemys\u0142 Drzewny. Research&#038;Development nr 4\/2023 &#8211; wydanie drukowane","author":"forestor","date":"15 listopada 2023","format":false,"excerpt":"Przemys\u0142 drzewny to kwartalnik dla sektora le\u015bno-drzewnego. Bran\u017ca drzewna i jej ga\u0142\u0119zie: tartacznictwo, meblarstwo. produkcja stolarki otworowej, p\u0142yty drewnopochodne - to g\u0142owni czytelnicy naszego czasopisma. W numerze 4\/2023 znajd\u0105 unikalny raport produkcji tartacznej w Polsce, raport pelletu,\u00a0 \u00a0analizy rynku, w tym prognozy dla cen surowca drzewnego. Polecamy analizy rynku pelletu\u2026","rel":"","context":"Podobny wpis","block_context":{"text":"Podobny wpis","link":""},"img":{"alt_text":"","src":"https:\/\/i0.wp.com\/przemysldrzewny.eu\/wp-content\/uploads\/2023\/11\/PD_04_2023_okladka.jpg?fit=848%2C1200&ssl=1&resize=350%2C200","width":350,"height":200,"srcset":"https:\/\/i0.wp.com\/przemysldrzewny.eu\/wp-content\/uploads\/2023\/11\/PD_04_2023_okladka.jpg?fit=848%2C1200&ssl=1&resize=350%2C200 1x, https:\/\/i0.wp.com\/przemysldrzewny.eu\/wp-content\/uploads\/2023\/11\/PD_04_2023_okladka.jpg?fit=848%2C1200&ssl=1&resize=525%2C300 1.5x, https:\/\/i0.wp.com\/przemysldrzewny.eu\/wp-content\/uploads\/2023\/11\/PD_04_2023_okladka.jpg?fit=848%2C1200&ssl=1&resize=700%2C400 2x"},"classes":[]}],"_links":{"self":[{"href":"https:\/\/przemysldrzewny.eu\/index.php\/wp-json\/wp\/v2\/product\/12209","targetHints":{"allow":["GET"]}}],"collection":[{"href":"https:\/\/przemysldrzewny.eu\/index.php\/wp-json\/wp\/v2\/product"}],"about":[{"href":"https:\/\/przemysldrzewny.eu\/index.php\/wp-json\/wp\/v2\/types\/product"}],"wp:featuredmedia":[{"embeddable":true,"href":"https:\/\/przemysldrzewny.eu\/index.php\/wp-json\/wp\/v2\/media\/12206"}],"wp:attachment":[{"href":"https:\/\/przemysldrzewny.eu\/index.php\/wp-json\/wp\/v2\/media?parent=12209"}],"wp:term":[{"taxonomy":"product_brand","embeddable":true,"href":"https:\/\/przemysldrzewny.eu\/index.php\/wp-json\/wp\/v2\/product_brand?post=12209"},{"taxonomy":"product_cat","embeddable":true,"href":"https:\/\/przemysldrzewny.eu\/index.php\/wp-json\/wp\/v2\/product_cat?post=12209"},{"taxonomy":"product_tag","embeddable":true,"href":"https:\/\/przemysldrzewny.eu\/index.php\/wp-json\/wp\/v2\/product_tag?post=12209"}],"curies":[{"name":"wp","href":"https:\/\/api.w.org\/{rel}","templated":true}]}}